) - -3. Let g(i) = 66*i - 1. Is g(x) a prime number?
True
Suppose -2*w + 1 = -5*d, 4*w = 5*d - 4*d - 7. Let o(g) = -29*g - 3. Let z be o(-6). Is z/15 + w/5 prime?
True
Suppose -5*s - u - 93 = -4*u, u - 37 = 2*s. Is (s/27)/((-2)/369) composite?
True
Let v = 6 - 0. Is (8/v)/((-2)/(-39)) a prime number?
False
Let h be 2 - (4 + -2)*-11. Suppose h*j = 22*j + 382. Is j prime?
True
Let f = -1523 + 4128. Is f composite?
True
Let p(x) be the first derivative of -x**4/4 - 2*x**3/3 + 4*x - 4. Is p(-3) a composite number?
False
Let q(l) = l**3 - 9*l**2 - 7*l - 2. Is q(11) prime?
True
Let a(c) = -c**3 - 8*c**2 - 9*c - 47. Is a(-17) prime?
True
Suppose -6 = 2*n - 2, -3*s = -4*n - 275. Is s a composite number?
False
Suppose -5*m + 17 = -8. Suppose -10 = m*b, -k - 4*b - 113 = -4*k. Is k a composite number?
True
Suppose 7 - 1 = 3*o. Suppose -q + 24 = -o*q. Let f = -14 - q. Is f a composite number?
True
Suppose 0*l + 2*l - 4 = 0. Suppose 71 = -a + p, -130 = l*a - 4*p + 12. Is 4/(-6) - a/3 composite?
False
Let y(o) = -56*o - 5. Is y(-4) prime?
False
Suppose -11*r = -10*r - 907. Is r prime?
True
Let o = -232 + 395. Is o prime?
True
Let b(q) = 57*q - 8. Is b(7) a prime number?
False
Is (0 - -1) + 1185 + 7 a composite number?
False
Is (-33843)/(-58) + (-2)/4 composite?
True
Is (24522/24 - -4)/((-1)/(-4)) a prime number?
False
Suppose 0 + 1 = -j - 4*g, -2*j = g - 5. Suppose 5*l = -0*f - 2*f + 173, -j*l = -5*f + 448. Let a = f - -26. Is a a prime number?
False
Let g(t) = t**2 - t + 1. Let x be g(3). Let f(u) = x*u - u + 4*u + 2 - 1 + u**3 - 8*u**2. Is f(7) prime?
False
Let q(o) = 2*o. Let k(v) = v**3 + v**2 - v + 1. Let t be k(1). Let m be q(t). Suppose 127 = m*c + 27. Is c a composite number?
True
Let l be -2*((-7 - -4) + -313). Let s be 1 + 1 + (-431)/1. Let k = l + s. Is k a prime number?
False
Suppose 4*r + 18 = r. Is (46/r)/(2/(-6)) prime?
True
Let w be 30/7 + 4/(-14). Suppose -w*n + 0 = 4. Is (n - 0)*-10 - 0 a prime number?
False
Suppose 5*c = -5, l + 0*c = -3*c - 3. Let p(u) = -u**2 - u + 253. Is p(l) prime?
False
Let p(q) be the first derivative of q**4/4 - 8*q**3/3 + 7*q**2/2 - 10*q + 4. Is p(8) a prime number?
False
Let r(m) = -m**3 - 8*m**2 - 9*m - 10. Let q be r(-7). Suppose -4*s + 270 = 5*p, q*p + 5*s - 125 = 2*p. Let j = 87 - p. Is j a composite number?
False
Let w(a) = -22*a + 1. Let x(h) = 21*h - 2. Let q(y) = -3*w(y) - 4*x(y). Is q(-7) prime?
True
Suppose 0 = 3*i - 5*i. Let p be i/(-2*(-3)/6). Is p + 21/6*6 prime?
False
Suppose -3*i = i - 352. Suppose -4*g - 70 = -2*g. Let u = i + g. Is u prime?
True
Suppose 0 = 2*t - 2*b - 406, -3*b = -3*t + 2*b + 605. Suppose 2*p - 57 = t. Is p composite?
False
Let u = 3 - 4. Suppose -5*p + 0*p - f = -4, 3*p = 5*f + 8. Is p + u + (-69)/(-1) a prime number?
False
Let a = 33 + -7. Is a composite?
True
Let y be ((-4)/(-5))/(8/20). Let u be y/(-2 + 40/22). Let h = 10 - u. Is h a composite number?
True
Let r = -112 + 160. Suppose 0 = 3*t + 204 - r. Is t/(-8) + 2/4 prime?
True
Suppose 20 = -5*q - 3*k - 2*k, 0 = 3*q - 4*k + 12. Let w = q + 4. Suppose -v + 4*v - 573 = w. Is v a composite number?
False
Suppose -2*l = -3*l - 2. Let z(y) be the second derivative of -3*y**3 - y**2 + y. Is z(l) a composite number?
True
Let t = -292 + 461. Let q be 174*3/((-18)/(-4)). Let r = t - q. Is r a composite number?
False
Let w(y) = -y**2 - 3*y + 4. Let q be w(-5). Suppose 2*x - 1 = 4*o - 31, -5*o = -4*x - 33. Is 12/o*(-171)/q a composite number?
True
Suppose 0 = 7*j - 2*j - n - 291, 0 = -5*j + 5*n + 275. Is j prime?
True
Is (9/2)/9*582 a composite number?
True
Suppose 3*r + 2*v - 6 = 0, v + 0 = -4*r + 8. Suppose -129 = -r*o + 5. Suppose 2*w = -3*c + 57, 5*c = -5*w + 3*w + o. Is w a prime number?
False
Let o = 2 + 2. Suppose -76 = -0*q - o*q. Is q a prime number?
True
Let v(h) = -13*h + 6. Let i = -19 + 10. Is v(i) composite?
True
Let n(p) = 5*p**2 - 3*p - 29. Is n(-14) composite?
True
Let v(b) = 5*b**2 - 2*b - 2. Let z be (2 - 2) + (1 - -1). Let o(r) = -r**2 + 2*r - 2. Let y be o(z). Is v(y) a prime number?
False
Is 5/(-5)*(-2271)/3 prime?
True
Let m(y) = -3*y + 11. Let r(t) be the first derivative of -t**2/2 - 2. Let x(k) = m(k) - 4*r(k). Is x(0) a prime number?
True
Let t = 28 + 559. Is t composite?
False
Suppose -702 = -4*k + 1102. Suppose -h - s + 93 = 0, -2*s = -3*h - 2*h + k. Is h a prime number?
False
Suppose -2*s - i = -735, 760 = 2*s - i - 3*i. Let l be s + -2 + 0/(-2). Let c = 529 - l. Is c prime?
False
Let y(c) = -c**3 - 5*c**2 + c + 8. Let l(p) = p**2 - p - 6. Let k be l(0). Is y(k) composite?
True
Let v be (2 - 2)/(6/3). Suppose -h + 48 = -v*h. Suppose -h - 242 = -5*s. Is s prime?
False
Let o(v) = v + 53. Let b be (3/(-5))/((-2)/10). Let z(n) = -n**2 + 2*n + 3. Let s be z(b). Is o(s) prime?
True
Suppose 30 = f - 3*t - 216, -5*f - 3*t = -1302. Suppose -303 = -3*y + f. Is y a composite number?
True
Suppose -r - 3061 = -8094. Is r prime?
False
Let t(j) = -j + 11. Let r be t(9). Suppose 0 = -r*f - 5*m + 843, -4*m + 10 = -2*m. Is f a composite number?
False
Suppose 2*z = j - 36, j - z + 153 = 5*j. Is j a prime number?
False
Suppose 1068 = -27*k + 31*k. Is k composite?
True
Suppose -5*z + o = -2182, 0 = 4*o - 3*o - 3. Is z composite?
True
Suppose 3*i - 12 = 0, 0 = -2*h + i + 4 - 0. Suppose 0 = -h*y - 121 + 629. Is y composite?
False
Let k = 3864 + -2611. Is k a composite number?
True
Is (0 + 10 + 1)*7 a prime number?
False
Suppose -4*m + 4*u = 3 - 23, 0 = u + 1. Suppose -107 = -m*k + 201. Is k composite?
True
Let i = 125 + -70. Suppose -i + 218 = o. Is o prime?
True
Let v = -2 + 5. Let j be 0*(-1)/(-6)*v. Is -1 + (1*40 - j) composite?
True
Let t(l) = l**3 - 5*l**2 - 7*l + 6. Let n be t(6). Suppose h + 2*p - 77 = n, -4*h + 2*p = -6*h + 156. Is h a composite number?
False
Suppose -3*x + 48 = -3*r, 4*x = -x + 2*r + 80. Suppose 0 = -h + x + 15. Is h a prime number?
True
Let g(h) = -5*h - 3*h + 5 + 2*h - 1. Is g(-5) a composite number?
True
Suppose 5*i - y = 5841, -i + 2*y = -0*i - 1161. Is i prime?
False
Let f = -2 + 4. Suppose -12 = -4*z - o, 3*o - 10 = 5*z - 2*o. Suppose z*r = -6, -8 = f*v - 4*r - 90. Is v composite?
True
Let a(m) = m. Let w(n) = -5*n + 3. Let s(h) = 6*a(h) + w(h). Let j be s(-6). Is 19 + 0 + (-6)/j composite?
True
Let d(t) = -t + 4. Let g be d(0). Let u be (-69)/(-2) - (-6)/g. Suppose -k - 5 = -u. Is k a composite number?
False
Suppose -916 = -5*t - 201. Is t a composite number?
True
Let m be 4*-1 - (-3 - -1). Is (22/6)/(m/(-66)) composite?
True
Suppose 8*p = 5*p + 2901. Is p composite?
False
Let i = -736 + 1277. Is i a prime number?
True
Suppose -217 = -2*a - 39. Is a a composite number?
False
Is ((-4)/8)/((-2)/4772) prime?
True
Let w = 6 - 4. Suppose -2*c = 2*r - 97 - 11, 3*r + w*c - 161 = 0. Is r composite?
False
Suppose k - 80 - 1815 = 0. Is k a prime number?
False
Let d = 22 + -67. Let p = d + 84. Is p a composite number?
True
Suppose 0*p + 2*x = p + 20, -4*p - 68 = 4*x. Let z = 19 - 122. Let a = p - z. Is a a prime number?
False
Let t(k) = 36*k - 19. Let x be t(6). Let g = x + -82. Is g a prime number?
False
Let p = 228 - 5. Is p prime?
True
Let l(u) be the third derivative of -u**6/120 + u**5/10 + u**4/8 - 2*u**3/3 - u**2. Suppose -2*s - 1 = -13. Is l(s) prime?
False
Let z(o) = o**3 + 29*o**2 - 2*o - 19. Is z(-25) prime?
True
Suppose z = 3*v + 131, -5*v = -3*z - 0*v + 389. Let u = -3 - -5. Suppose h + c = z, 0 = 3*h + 4*c - u*c - 383. Is h prime?
True
Suppose -5*a - 2*d + 102 = -0*d, -5*d = 5*a - 90. Let v be 0/1 + a/1. Suppose -15 = -h + v. Is h a prime number?
True
Suppose 138 = 3*j + 4*x, 4*j - 3*x + 15 = 199. Is j composite?
True
Let a be 0 - 0 - 9*-16. Let r be (a/(-1*3))/(-1). Suppose 3*p + 4*q - r = 110, -5*p = 3*q - 245. Is p prime?
False
Let u(g) = 3*g**3 + 5*g**2 + 2*g + 6. Let p be u(-5). Is (-5)/(256/p - -1) composite?
True
Let p be 2/9 + 81920/72. Let f = -249 + p. Is f prime?
False
Suppose -2*n + 0*n + 526 = 0. Is n prime?
True
Is 2*(-2 + (-3020)/(-8)) a prime number?
True
Suppose 2*j - 8*j = 30. Is (-379)/4*(j + 1) a composite number?
False
Suppose -4*k = -5*k + 19. Is k a prime number?
True
Suppose -i + 89 = 3*w - 2*w, 0 = 5*w - 3*i - 437. Let d = w - 49. Suppose 4*f - d = f. Is f composite?
False
Suppose -2*g = -0*g - 194. Is g a prime number?
True
Suppose 0 = -5*w + 5*j + 15, -2*w + 7